e 29?
False
Is 12 a factor of 1524?
True
Does 16 divide 16126?
False
Is 12 a factor of 9348?
True
Is 2427 a multiple of 123?
False
Does 19 divide 2326?
False
Is 55 a factor of 55?
True
Is 8 a factor of 2488?
True
Is 15250 a multiple of 125?
True
Is 4 a factor of 164?
True
Is 4 a factor of 3527?
False
Is 28 a factor of 4717?
False
Is 651 a multiple of 7?
True
Is 35 a factor of 1011?
False
Is 4092 a multiple of 33?
True
Does 3 divide 464?
False
Is 1170 a multiple of 15?
True
Is 460 a multiple of 46?
True
Is 41396 a multiple of 262?
True
Is 18 a factor of 594?
True
Does 19 divide 399?
True
Is 121 a factor of 4840?
True
Is 23 a factor of 582?
False
Does 11 divide 282?
False
Is 6 a factor of 360?
True
Is 7116 a multiple of 12?
True
Is 65 a multiple of 6?
False
Is 10 a factor of 1240?
True
Is 4662 a multiple of 154?
False
Does 162 divide 10530?
True
Is 1895 a multiple of 2?
False
Is 8 a factor of 68768?
True
Is 40 a factor of 731?
False
Is 10 a factor of 17342?
False
Is 15 a factor of 2433?
False
Does 59 divide 649?
True
Is 9 a factor of 1404?
True
Is 2376 a multiple of 8?
True
Is 1746 a multiple of 6?
True
Is 7336 a multiple of 85?
False
Is 1593 a multiple of 2?
False
Is 20 a factor of 940?
True
Is 64 a factor of 19487?
False
Is 159 a multiple of 6?
False
Does 22 divide 5412?
True
Is 5 a factor of 1527?
False
Is 25 a factor of 4386?
False
Is 240 a multiple of 24?
True
Does 22 divide 1540?
True
Does 32 divide 80960?
True
Does 65 divide 1625?
True
Is 54 a factor of 4971?
False
Is 2744 a multiple of 8?
True
Is 703 a multiple of 19?
True
Is 498 a multiple of 6?
True
Does 5 divide 2633?
False
Is 46 a factor of 920?
True
Is 26937 a multiple of 30?
False
Is 62 a factor of 14570?
True
Is 5305 a multiple of 5?
True
Is 3568 a multiple of 10?
False
Does 11 divide 1507?
True
Is 1047 a multiple of 3?
True
Does 17 divide 563?
False
Does 9 divide 2750?
False
Is 10 a factor of 440?
True
Is 3 a factor of 1239?
True
Does 24 divide 5376?
True
Does 118 divide 236?
True
Is 71 a factor of 1856?
False
Does 23 divide 353?
False
Does 17 divide 168?
False
Is 8917 a multiple of 120?
False
Does 6 divide 4349?
False
Does 119 divide 28203?
True
Is 342 even?
True
Is 50 even?
True
Is 71 a factor of 4307?
False
Is 1475 a multiple of 25?
True
Is 207 a multiple of 2?
False
Is 15 a factor of 238?
False
Does 5 divide 3289?
False
Does 13 divide 236?
False
Does 3 divide 13471?
False
Is 1322 a multiple of 66?
False
Is 52 a factor of 5356?
True
Does 33 divide 231?
True
Does 4 divide 1056?
True
Is 24 a factor of 4986?
False
Does 150 divide 21630?
False
Is 6146 a multiple of 14?
True
Does 34 divide 3094?
True
Is 18 a multiple of 6?
True
Is 748 a multiple of 14?
False
Is 22445 a multiple of 67?
True
Is 572 a multiple of 52?
True
Is 14 a factor of 2036?
False
Does 8 divide 1576?
True
Is 13 a factor of 624?
True
Is 8 a factor of 216?
True
Is 732 a multiple of 16?
False
Is 71 a factor of 142?
True
Does 3 divide 446?
False
Does 32 divide 992?
True
Is 2460 a multiple of 99?
False
Is 2277 a multiple of 36?
False
Is 2 a factor of 176?
True
Is 33 a factor of 726?
True
Is 506 a multiple of 46?
True
Is 5 a factor of 888?
False
Is 6840 a multiple of 18?
True
Is 10878 a multiple of 185?
False
Does 114 divide 7296?
True
Is 107 a factor of 1712?
True
Does 16 divide 2461?
False
Is 16 a factor of 848?
True
Is 43845 a multiple of 40?
False
Is 69 a factor of 14559?
True
Is 531 a multiple of 18?
False
Is 3 a factor of 6394?
False
Is 38 a factor of 6330?
False
Is 23 a factor of 1541?
True
Is 1080 a multiple of 72?
True
Does 6 divide 1426?
False
Is 11 a factor of 2354?
True
Does 11 divide 21152?
False
Is 66 a factor of 19734?
True
Does 143 divide 18590?
True
Is 9 a factor of 12767?
False
Is 68548 a multiple of 13?
False
Is 669 a multiple of 39?
False
Does 90 divide 3240?
True
Is 480 even?
True
Is 211 a multiple of 4?
False
Does 20 divide 3237?
False
Does 34 divide 918?
True
Does 16 divide 4011?
False
Is 7 a factor of 335?
False
Is 462 a multiple of 22?
True
Is 504 a multiple of 56?
True
Does 29 divide 2001?
True
Is 4630 a multiple of 5?
True
Is 1337 a multiple of 5?
False
Does 9 divide 1773?
True
Is 3 a factor of 635?
False
Is 5659 a multiple of 4?
False
Is 66654 a multiple of 483?
True
Is 10 a factor of 2250?
True
Does 22 divide 3762?
True
Is 38984 a multiple of 12?
False
Is 150 a multiple of 5?
True
Does 3 divide 531?
True
Is 51123 a multiple of 305?
False
Is 4422 a multiple of 67?
True
Does 81 divide 3159?
True
Is 616 a multiple of 22?
True
Is 2438 a multiple of 41?
False
Is 24 a factor of 408?
True
Is 1844 a multiple of 32?
False
Is 18034 a multiple of 127?
True
Is 16 a factor of 9046?
False
Is 42870 a multiple of 10?
True
Is 1479 a multiple of 29?
True
Is 26 a factor of 3250?
True
Does 15 divide 2505?
True
Does 51 divide 561?
True
Is 114 a multiple of 12?
False
Is 5 a factor of 800?
True
Is 341 a multiple of 31?
True
Does 158 divide 15958?
True
Does 26 divide 1265?
False
Is 9921 a multiple of 6?
False
Does 304 divide 55843?
False
Is 15 a factor of 3360?
True
Is 86 a factor of 3411?
False
Is 38449 a multiple of 12?
False
Is 6046 a multiple of 27?
False
Does 9 divide 41301?
True
Is 14884 a multiple of 122?
True
Does 239 divide 37284?
True
Is 47 a factor of 1363?
True
Does 12 divide 203?
False
Does 42 divide 252?
True
Does 2 divide 223?
False
Is 10 a factor of 18865?
False
Is 29970 a multiple of 15?
True
Is 26621 a multiple of 10?
False
Is 27 a multiple of 9?
True
Is 20 a factor of 1070?
False
Does 22 divide 291?
False
Is 74 a factor of 444?
True
Does 21 divide 12455?
False
Is 4109 a multiple of 30?
False
Does 15 divide 1363?
False
Does 50 divide 392?
False
Is 37 a factor of 3996?
True
Is 12 a factor of 240?
True
Is 47 a factor of 760?
False
Is 29674 a multiple of 74?
True
Is 1320 a multiple of 132?
True
Is 1581 a multiple of 31?
True
Is 73 a factor of 22472?
False
Is 49 a factor of 31409?
True
Is 12 a factor of 972?
True
Does 19 divide 456?
True
Does 106 divide 3409?
False
Is 178 a factor of 16652?
False
Is 7 a factor of 513?
False
Does 15 divide 8585?
False
Is 34 a factor of 5219?
False
Is 1302 a multiple of 14?
True
Is 672 a multiple of 32?
True
Is 26 a factor of 1005?
False
Does 377 divide 91988?
True
Does 51 divide 1122?
True
Is 170 a multiple of 28?
False
Is 390 a multiple of 65?
True
Is 11 a factor of 264?
True
Does 3 divide 359?
False
Is 76 a factor of 9673?
False
Is 6 a factor of 2412?
True
Does 100 divide 16187?
False
Is 2169 a multiple of 18?
False
Is 232 a multiple of 5?
False
Is 29959 a multiple of 19?
False
Is 4958 a multiple of 126?
False
Is 10 a factor of 714?
False
Does 2 divide 3623?
False
Is 28006 a multiple of 11?
True
Is 25908 a multiple of 12?
True
Does 16 divide 193?
False
Does 18 divide 326?
False
Does 25 divide 368?
False
Does 71 divide 568?
True
Is 71 a factor of 2343?
True
Is 9 a factor of 12888?
True
Is 23 a factor of 8114?
False
Is 12 a factor of 2296?
False
Does 16 divide 2500?
False
Does 97 divide 39188?
True
Does 19 divide 145?
False
Is 22496 a multiple of 62?
False
Is 16 a factor of 1338?
False
Is 107538 a multiple of 6?
True
Does 70 divide 9782?
False
Does 21 divide 131?
False
Does 16 divide 4112?
True
Is 11 a factor of 244?
False
Does 47 divide 16544?
True
Does 20 divide 1760?
True
Is 21 a factor of 1064?
False
Does 57 divide 46179?
False
Does 52 divide 70?
False
Is 3124 a multiple of 22?
True
Does 34 divide 4658?
True
Does 231 divide 23551?
False
Is 5946 a multiple of 6?
True
Does 3 divide 104?
False
Is 5504 a multiple of 86?
True
Does 14 divide 98?
True
Is 34 a factor of 2006?
True
Is 42 a multiple of 14?
True
Is 2989 a multiple of 41?
False
Is 13 a factor of 1851?
False
Is 58806 a multiple of 9?
True
Does 148 divide 4884?
True
Is 12284 a multiple of 37?
True
Is 15 a factor of 851?
False
Is 594 a multiple of 11?
True
Is 932 a multiple of 13?
False
Is 41 a factor of 861?
True
Is 440 a multiple of 20?
True
Is 594 a multiple of 11?
True
Is 21 a factor of 2163?
True
Does 4 divide 10507?
False
Does 36 divide 7030?
False
Is 11719 a multiple of 88?
False
Is 14 a factor of 26166?
True
Is 4225 a multiple of 13?
True
Is 2 a factor of 66?
True
Is 5 a factor of 666?
False
Does 67 divide 5491?
False
Is 4636 a multiple of 76?
True
Does 43 divide 946?
True
Does 59 divide 63055?
False